 2*v - s = 0. List the prime factors of t.
2, 3
Let r be (-20)/(-15) - (-4)/6. List the prime factors of r/2 + 12 + -1.
2, 3
Suppose c = -9*c + 1600. List the prime factors of c.
2, 5
Suppose 5*n - 32 = 2*k + 285, -k = 3*n - 199. What are the prime factors of n?
5, 13
Let j = 145 + -82. List the prime factors of j.
3, 7
Suppose -15 = -2*o - o, 2*r - 162 = -4*o. Suppose -2*u - r = 4*v - 25, -3*u - 66 = 3*v. Let n = -10 - u. What are the prime factors of n?
11
Let x(o) = 2*o**2 + 5*o + 5. Suppose 4*k = -5*i - 16, 4*k = 5*i - 0*k + 24. What are the prime factors of x(i)?
17
Let h(d) be the first derivative of d**4/4 + 7*d**3/3 + 2*d**2 - 5*d - 3. Let m be h(-5). Suppose 7*u - 2*u = m. What are the prime factors of u?
5
Suppose 6*d - 13 = 725. List the prime factors of d.
3, 41
Suppose -2*d + 4*d = 280. List the prime factors of d.
2, 5, 7
Suppose -w + 16 = -157. Suppose 4*z = -3*p + 6*z + w, -2*p + 116 = -2*z. List the prime factors of p.
3, 19
Let a = -41 + 23. Let t be a/(-8) + 2/(-8). Suppose t*k = -2 + 8. What are the prime factors of k?
3
Suppose -250 = -5*a + 130. Suppose 75 = 5*x - 3*u, -a = -4*x + 5*u - 3. What are the prime factors of x?
2, 3
Let l = -14 - -54. Let d = l - 24. What are the prime factors of d?
2
Let s(m) = 3*m + 3. List the prime factors of s(16).
3, 17
Let z = 9 - 18. What are the prime factors of 1 - (z + 3/(-1))?
13
Let h be (2 - 0)*-1 - 1. Let g be (6*-3)/(2/h). Let l = g + -17. What are the prime factors of l?
2, 5
List the prime factors of 4/((-4)/11)*-2.
2, 11
Let g(m) = 5*m**2 + 4*m - 1. Let n be g(-3). Let v = -20 + n. Suppose t = 4*t - v. What are the prime factors of t?
2
Suppose -f + 25 = 1. Let i be (5 - (2 - -8)) + 77. Suppose -3*a = -i + f. List the prime factors of a.
2
Let f = -17 + 39. List the prime factors of f.
2, 11
Suppose 8*q - 400 = 3*q. Suppose g = 5*g - q. List the prime factors of g.
2, 5
Let j(i) = -8*i - 26. List the prime factors of j(-6).
2, 11
Suppose -4*m - n = -m - 94, 5*n = m - 26. What are the prime factors of m?
31
Let i = -10 - -16. List the prime factors of (-27)/i*(-8)/3.
2, 3
Suppose -w + l = 3*w - 271, 4*w - 253 = -5*l. What are the prime factors of w?
67
Let s(r) = r**3 + 5*r**2 - 4*r - 7. List the prime factors of s(-5).
13
Suppose -2*j - 5*f + 49 = 0, 3*j = -2*f + f + 54. Let g(n) = n**2 - 6*n + 25. Let t be g(6). Let i = t - j. What are the prime factors of i?
2
Let y be 2 - (-1)/(-1) - -10. Suppose 2*p + y = 4*f - 3*p, -5*f - 5*p = -70. List the prime factors of f.
3
Let p(f) = f**3 + 7*f**2 + 5*f - 2. Let v = 4 - 10. What are the prime factors of p(v)?
2
Let u(m) = -m**2 + 7*m. Let o be u(8). Let p be (o/(-5))/(6/(-30)). Let r = p - -16. List the prime factors of r.
2
Suppose -5*t + 20 = j, 2*t + 15 = -0*t - 5*j. Suppose 4*d - t*d + 9 = 0. What are the prime factors of d?
3
Let a be -3 + 0/(6 + -3). What are the prime factors of (-4 + 3)/(a/87)?
29
Suppose -120 = 5*d - 0*d. Let b be ((-39)/12)/(2/8). Let n = b - d. List the prime factors of n.
11
Suppose -4*w = w - 25. Suppose -4*k + 64 = -4*p, k - 5*k + w*p + 62 = 0. What are the prime factors of k?
2, 3
Let h(u) = -u**2 - 10*u + 10. Let i = -8 - 2. What are the prime factors of h(i)?
2, 5
Let h(v) = -v**3 + 5*v**2 + 8*v - 7. Let w be h(6). Let d(x) = -5 + w*x - 4*x + 0*x. List the prime factors of d(7).
2
Let q(t) be the third derivative of -t**6/120 + t**5/12 + t**4/12 + 5*t**3/6 + t**2. List the prime factors of q(5).
3, 5
Let s be (1/((-2)/(-12)))/(-2). What are the prime factors of 1/3 - 44/s?
3, 5
Let c(x) be the second derivative of 2*x - 1/6*x**3 + 0 - x**2. List the prime factors of c(-5).
3
Let n(u) = -9*u**2 - 5*u + 7. Let i(a) = a**3 - a**2 - a + 1. Let t(c) = i(c) - n(c). List the prime factors of t(-6).
2, 3, 7
Let i = 8 - 8. Suppose i = 5*p + 5*l - 120 - 90, -4*l = 16. What are the prime factors of p?
2, 23
Suppose -j - 891 = 4*j + 3*a, -3*j - 534 = 2*a. Let n = j - -378. What are the prime factors of (n/27)/((-4)/(-6))?
11
Suppose -3*i + 8 = i. Suppose 0 = -3*s + l + 18, 3*l = -5*s + i*l + 38. List the prime factors of s.
7
Suppose 2 - 6 = -x. Let q(g) = g**2 - 4*g - 3. Let a be q(x). What are the prime factors of (12/a)/(-1*1)?
2
Let m be (-6)/(1/(-2) - 1). Suppose k = -k - m. What are the prime factors of (1 - -9)*k/(-4)?
5
Let l(q) = 9*q**2. Let d(u) = u**2 + u + 1. Let j be d(-2). Let x = j - 2. List the prime factors of l(x).
3
Suppose 4*r - 5*r = 0. Suppose r*y + 24 = 2*y. What are the prime factors of y?
2, 3
Let c(o) = 9*o**3 - o**2 + 2*o - 1. Let x be c(1). Suppose -7*a + 10 = -2*a. Suppose -k = 5*s - 35 + 1, -s + x = -a*k. What are the prime factors of s?
7
What are the prime factors of ((-111)/(-6))/((-1)/(-2))?
37
Let u(t) = 16*t - 11. Let a be u(6). Suppose 3*o - 41 = a. List the prime factors of o.
2, 3, 7
Suppose -268 = -0*i - i + 4*u, 2*i - u - 501 = 0. What are the prime factors of i?
2, 31
Let z(h) = h**2 + 2*h + 4. Let j be z(-4). Let y(k) = -k + 19. List the prime factors of y(j).
7
Let k = -49 - -136. What are the prime factors of k?
3, 29
Suppose 0*c - 6 = -3*c. Let x be 2 + (1 - 2/c). Let d = x - -2. List the prime factors of d.
2
Let y = 45 - 30. What are the prime factors of y?
3, 5
Suppose 4*m = 16, 0 = -3*c - m + 56 + 38. Suppose 3*x = 3*i - 15 - c, 4*x - 12 = -2*i. List the prime factors of i.
2, 3
Let y = 40 - -11. List the prime factors of y.
3, 17
Let u(z) be the first derivative of z**3/3 + 3*z**2/2 + 4*z - 1. Let v be ((-8)/((-2)/1))/(-1). List the prime factors of u(v).
2
Let l(h) = -h + 3. Let w be l(0). Suppose -k - 4*k = 3*t + 1, -t + w*k = -23. What are the prime factors of t?
2
Let l(o) = 2*o**2 - 2*o - 7. List the prime factors of l(13).
5, 61
Suppose 3*f = -8*b + 3*b + 81, -5*f = 15. List the prime factors of b.
2, 3
What are the prime factors of (-2 - (-15)/(-20))*-12?
3, 11
Let b(a) = -a - 2. Let g be b(0). Let k(w) = -w**2 + w + 1. Let d be k(g). Let y(p) = p**2 + 3*p - 6. What are the prime factors of y(d)?
2
Let d be (-15)/(-1) + (3 - 3). List the prime factors of (d/2)/(2/8).
2, 3, 5
Let k(s) = -7*s. Let p be (-36)/10 - (-3)/5. Let h = 2 + p. What are the prime factors of k(h)?
7
Suppose -t + 10 = t. Suppose 0 = 2*i + 3*i - 2*h - 44, -2*i + 5*h = -t. What are the prime factors of i?
2, 5
Suppose j = 5*j + 4. Let l(w) be the third derivative of -w**4/4 - w**3/6 + 2*w**2. List the prime factors of l(j).
5
Let d be 1/3 + (-77)/(-3). Suppose -f + 5*g + 30 = 0, 3*f + g = -0*g + d. What are the prime factors of f?
2, 5
Let u = 5 - 2. Suppose 3*m + u = 4*m. What are the prime factors of m?
3
Let z(m) = 12*m - 1. Let h(i) = i**3 - 4*i**2 + 3*i + 1. Suppose -6 + 3 = -c. Let r be h(c). What are the prime factors of z(r)?
11
Let b be (-4 + -1)/(-4 + 5). What are the prime factors of (b/10)/(1/(-30))?
3, 5
Suppose 0*a = 2*a - 44. Suppose a = 3*c - g, -3*c - g + 23 = -c. List the prime factors of c.
3
Suppose v - 2*g + 6*g - 15 = 0, -5*g = 5*v - 45. What are the prime factors of v?
7
Let q(a) be the first derivative of 1 + 2*a + 1/2*a**2. What are the prime factors of q(0)?
2
Suppose -8*j + 12 = -4*j. Let w be 3/9 - (-26)/j. Let u = 15 - w. What are the prime factors of u?
2, 3
Suppose 7*q - 11*q + 8 = 0. List the prime factors of (-57)/(-3)*q - 2.
2, 3
Let f(i) = -i**2 + 3*i - 1. Let l(o) = -o**2 + o - 1. Let m(q) = 2*f(q) - 4*l(q). List the prime factors of m(3).
2, 13
Let b = -3 - -5. Suppose 5*x - 70 = -5*k, -5*k - b*x = -4*x - 49. List the prime factors of k.
11
Let n be (-2 - (1 - -4)) + 0. Let l = n + 3. What are the prime factors of l/16 + 33/4?
2
Suppose -8*c = -18*c + 1680. List the prime factors of c.
2, 3, 7
List the prime factors of 2 - 280/(-16)*2*1.
37
Suppose -4*v + 10 = -2. List the prime factors of (9 + 2)/(v + -2).
11
Let w(h) = -h - 7. Let m be w(-7). Suppose -3*z - 2*b + 16 = -m*z, 0 = -2*z + 2*b - 6. Suppose 3*l - z*l = 12. What are the prime factors of l?
2, 3
Suppose -2*g + 69 = 23. Suppose 3*r - g - 28 = 0. List the prime factors of r.
17
Suppose 2*t + 1 - 13 = 0. List the prime factors of ((-111)/t)/(2/(-4)).
37
Let p = -128 - -181. List the prime factors of p.
53
Let x be 1 - -1 - (-6)/(-1). What are the prime factors of x/8 + 43/2?
3, 7
Let w be -2*(1 + (-6)/3). Let m be (3/6 + 0)*w. Suppose -m = -b + 2*j - 2, -4*j + 27 = 3*b. List the prime